{"id":12,"date":"2019-11-14T10:18:30","date_gmt":"2019-11-14T10:18:30","guid":{"rendered":"https:\/\/2020.laspalmasgc.wordcamp.org\/organizers\/"},"modified":"2020-03-12T09:41:04","modified_gmt":"2020-03-12T09:41:04","slug":"equipo","status":"publish","type":"page","link":"https:\/\/laspalmasgc.wordcamp.org\/2020\/evento\/equipo\/","title":{"rendered":"Equipo"},"content":{"rendered":"\n<h2 class=\"wp-block-heading\">Organizadores<\/h2>\n\n\n<ul class=\"wordcamp-block wordcamp-post-list has-layout-list wordcamp-organizers\"><li class=\"wordcamp-post-list__post wordcamp-clearfix\">\n<div class=\"wordcamp-organizer wordcamp-organizers__post slug-alicia-sanchez\">\n\t<h3 class=\"wordcamp-block__item-title wordcamp-organizers__title\" style=\"text-align:left\">Alicia S\u00e1nchez<\/h3>\n\t\t\t<div class=\"wordcamp-image__avatar-container align-left\">\n\t\t\t<img decoding=\"async\" src=\"https:\/\/secure.gravatar.com\/avatar\/e3b2fb4e5353e34ec9665a3176582653cfd5a5c155798181b42474b88391228c?s=300&amp;d=mm&amp;r=g\" alt=\"Avatar de Alicia S\u00e1nchez\" \/>\t\t<\/div>\n\t\n\t\t\t<div class=\"wordcamp-block__item-content wordcamp-organizers__content is-full\"><p>Se considera tecn\u00f3loga y ciudadana del mundo. Le encanta experimentar, cacharrear y todo lo que sea ponerse manos a la obra con la tecnolog\u00eda. Es ingeniera de telecomunicaci\u00f3n y unas de las integrantes de <a href=\"https:\/\/www.tinkers.es\" target=\"_blank\" rel=\"noreferrer noopener\" aria-label=\" (opens in a new tab)\">Tinkers<\/a>, con el hardware como estrella. Forma parte del Contubernio Digital, donde combinan el desarrollo de proyectos digitales, con formaci\u00f3n y organizaci\u00f3n de eventos. P\u00e1sate por su <a href=\"https:\/\/es.linkedin.com\/in\/aliciasanchezcrespo\" target=\"_blank\" rel=\"noreferrer noopener\" aria-label=\" (opens in a new tab)\">LinkedIn<\/a> para conocer m\u00e1s sobre ella.<\/p>\n<\/div>\t<\/div>\n\n<\/li><li class=\"wordcamp-post-list__post wordcamp-clearfix\">\n<div class=\"wordcamp-organizer wordcamp-organizers__post slug-esther-perez-verdu\">\n\t<h3 class=\"wordcamp-block__item-title wordcamp-organizers__title\" style=\"text-align:left\">Esther P\u00e9rez Verd\u00fa<\/h3>\n\t\t\t<div class=\"wordcamp-image__avatar-container align-left\">\n\t\t\t<img decoding=\"async\" src=\"https:\/\/secure.gravatar.com\/avatar\/c9f02708e476a155f62bdc8e6f0a415579ebc602c721c7eeddec28b5860da8c7?s=300&amp;d=mm&amp;r=g\" alt=\"Avatar de Esther P\u00e9rez Verd\u00fa\" \/>\t\t<\/div>\n\t\n\t\t\t<div class=\"wordcamp-block__item-content wordcamp-organizers__content is-full\"><p>Tecn\u00f3loga. Profesional TIC, especializada en la direcci\u00f3n de proyectos digitales y la comunicaci\u00f3n interactiva. Inform\u00e1tica de formaci\u00f3n y socia fundadora en 1996 de NemeSys, primera empresa canaria que desarroll\u00f3 p\u00e1ginas web. En 2005 funda Canarias7 Digital, empresa en la que desarrolla proyectos digitales durante 12 a\u00f1os, como Canarias7.es. Actualmente lidera NemeSys 2.0, con el que apoya el emprendimiento en el \u00e1mbito tecnol\u00f3gico y co-organiza eventos como #SuperH\u00e9roes de difusi\u00f3n del talento. Escribe sobre Tecnolog\u00eda en diferentes publicaciones y mantiene el blog Atarecos. Es profesora en el master M:COM de la Universidad Internacional del Atl\u00e1ntico Medio e imparte diferentes cursos y conferencias.<\/p>\n<\/div>\t<\/div>\n\n<\/li><li class=\"wordcamp-post-list__post wordcamp-clearfix\">\n<div class=\"wordcamp-organizer wordcamp-organizers__post slug-fran-jerez\">\n\t<h3 class=\"wordcamp-block__item-title wordcamp-organizers__title\" style=\"text-align:left\">Fran Jerez<\/h3>\n\t\t\t<div class=\"wordcamp-image__avatar-container align-left\">\n\t\t\t<img decoding=\"async\" src=\"https:\/\/secure.gravatar.com\/avatar\/97f1635465d1b901eb72dc7ead2dd2f29016793f3b81b5e47379b83cb0ee1f97?s=300&amp;d=mm&amp;r=g\" alt=\"Avatar de Fran Jerez\" \/>\t\t<\/div>\n\t\n\t\t\t<div class=\"wordcamp-block__item-content wordcamp-organizers__content is-full\"><p>Desde 1988 trabaja como promotor y productor cultural, con producciones como el Festival Internacional de Cine de Las Palmas de Gran Canaria, el Festival Heineken Canarias Jazz &amp; M\u00e1s o #SuperH\u00e9roes. Participa tambi\u00e9n en movimientos sociales y culturales. Socio fundador de NemeSys 2.0.<\/p>\n<\/div>\t<\/div>\n\n<\/li><li class=\"wordcamp-post-list__post wordcamp-clearfix\">\n<div class=\"wordcamp-organizer wordcamp-organizers__post slug-jose-ramon-padron\">\n\t<h3 class=\"wordcamp-block__item-title wordcamp-organizers__title\" style=\"text-align:left\">Jos\u00e9 Ram\u00f3n Padr\u00f3n<\/h3>\n\t\t\t<div class=\"wordcamp-image__avatar-container align-left\">\n\t\t\t<img decoding=\"async\" src=\"https:\/\/secure.gravatar.com\/avatar\/961a3df6e4c0be5f8e9212a91926f81cdd3a62970207ecd71dfa828c79ba5d57?s=300&amp;d=mm&amp;r=g\" alt=\"Avatar de Jos\u00e9 Ram\u00f3n Padr\u00f3n\" \/>\t\t<\/div>\n\t\n\t\t\t<div class=\"wordcamp-block__item-content wordcamp-organizers__content is-full\"><p>Jos\u00e9 Ram\u00f3n es un apasionado de la atenci\u00f3n al cliente y las ventas, centrado en los sectores del hosting y open source en Espa\u00f1a y LatAm desde hace 18 a\u00f1os. Devoto de la m\u00fasica rock, la gastronom\u00eda y la ciencia ficci\u00f3n desde hace muchos a\u00f1os m\u00e1s. Feliz como Country Manager de SiteGround y particularmente adicto a la filosof\u00eda \u00fanica que les caracteriza y que mezcla pasi\u00f3n, trabajo, diversi\u00f3n y devoci\u00f3n por empleados y clientes.<\/p>\n<\/div>\t<\/div>\n\n<\/li><li class=\"wordcamp-post-list__post wordcamp-clearfix\">\n<div class=\"wordcamp-organizer wordcamp-organizers__post slug-paloma-monzon\">\n\t<h3 class=\"wordcamp-block__item-title wordcamp-organizers__title\" style=\"text-align:left\">Paloma Monz\u00f3n<\/h3>\n\t\t\t<div class=\"wordcamp-image__avatar-container align-left\">\n\t\t\t<img decoding=\"async\" src=\"https:\/\/secure.gravatar.com\/avatar\/801000f5e32b76a7583ea6ac286fd13c3eb98bda2b56040e2c4a9c68317eb707?s=300&amp;d=mm&amp;r=g\" alt=\"Avatar de Paloma Monz\u00f3n\" \/>\t\t<\/div>\n\t\n\t\t\t<div class=\"wordcamp-block__item-content wordcamp-organizers__content is-full\"><p>Una de esas chicas frikis a la que le gusta cacharrear e inventar, dar soluci\u00f3n a problemas de cualquier \u00edndole, y todo ello con ayuda de la tecnolog\u00eda. Forma parte del equipo de <a rel=\"noreferrer noopener\" aria-label=\" (opens in a new tab)\" href=\"https:\/\/www.tinkers.es\" target=\"_blank\">Tinkers<\/a>, donde el hardware es el protagonista; y del Contubernio Digital, donde combinan formaci\u00f3n y organizaci\u00f3n de eventos, con el desarrollo de proyectos digitales. De formaci\u00f3n es ingeniera de telecomunicaci\u00f3n. En <a rel=\"noreferrer noopener\" aria-label=\" (opens in a new tab)\" href=\"https:\/\/es.linkedin.com\/in\/palomamonzonrodriguez\" target=\"_blank\">LinkedIn<\/a> tienes m\u00e1s informaci\u00f3n sobre ella.<\/p>\n<\/div>\t<\/div>\n\n<\/li><\/ul>","protected":false},"excerpt":{"rendered":"<p>Organizadores<\/p>\n","protected":false},"author":15973829,"featured_media":0,"parent":247,"menu_order":0,"comment_status":"closed","ping_status":"closed","template":"templates\/template-full-width.php","meta":{"jetpack_post_was_ever_published":false,"footnotes":""},"class_list":["post-12","page","type-page","status-publish","hentry"],"jetpack_sharing_enabled":true,"_links":{"self":[{"href":"https:\/\/laspalmasgc.wordcamp.org\/2020\/wp-json\/wp\/v2\/pages\/12","targetHints":{"allow":["GET"]}}],"collection":[{"href":"https:\/\/laspalmasgc.wordcamp.org\/2020\/wp-json\/wp\/v2\/pages"}],"about":[{"href":"https:\/\/laspalmasgc.wordcamp.org\/2020\/wp-json\/wp\/v2\/types\/page"}],"author":[{"embeddable":true,"href":"https:\/\/laspalmasgc.wordcamp.org\/2020\/wp-json\/wp\/v2\/users\/15973829"}],"replies":[{"embeddable":true,"href":"https:\/\/laspalmasgc.wordcamp.org\/2020\/wp-json\/wp\/v2\/comments?post=12"}],"version-history":[{"count":22,"href":"https:\/\/laspalmasgc.wordcamp.org\/2020\/wp-json\/wp\/v2\/pages\/12\/revisions"}],"predecessor-version":[{"id":1341,"href":"https:\/\/laspalmasgc.wordcamp.org\/2020\/wp-json\/wp\/v2\/pages\/12\/revisions\/1341"}],"up":[{"embeddable":true,"href":"https:\/\/laspalmasgc.wordcamp.org\/2020\/wp-json\/wp\/v2\/pages\/247"}],"wp:attachment":[{"href":"https:\/\/laspalmasgc.wordcamp.org\/2020\/wp-json\/wp\/v2\/media?parent=12"}],"curies":[{"name":"wp","href":"https:\/\/api.w.org\/{rel}","templated":true}]}}